s the hundreds digit of 73893?
8
What is the hundreds digit of 2759?
7
What is the units digit of 83755?
5
What is the thousands digit of 107999?
7
What is the thousands digit of 66851?
6
What is the tens digit of 31699?
9
What is the hundreds digit of 111329?
3
What is the hundreds digit of 26023?
0
What is the hundreds digit of 200?
2
What is the thousands digit of 3046?
3
What is the units digit of 1969?
9
What is the tens digit of 12469?
6
What is the hundreds digit of 79360?
3
What is the tens digit of 10645?
4
What is the units digit of 908?
8
What is the hundreds digit of 1225?
2
What is the ten thousands digit of 19161?
1
What is the tens digit of 1872?
7
What is the hundreds digit of 443?
4
What is the tens digit of 923?
2
What is the hundreds digit of 445?
4
What is the units digit of 10640?
0
What is the tens digit of 10903?
0
What is the thousands digit of 6803?
6
What is the tens digit of 113495?
9
What is the hundreds digit of 2689?
6
What is the units digit of 585?
5
What is the hundreds digit of 847?
8
What is the units digit of 4360?
0
What is the thousands digit of 145628?
5
What is the units digit of 282?
2
What is the hundreds digit of 5264?
2
What is the tens digit of 560?
6
What is the units digit of 14369?
9
What is the tens digit of 4426?
2
What is the units digit of 885?
5
What is the units digit of 40371?
1
What is the units digit of 17342?
2
What is the thousands digit of 1901?
1
What is the units digit of 407?
7
What is the tens digit of 464?
6
What is the tens digit of 1334?
3
What is the tens digit of 97?
9
What is the ten thousands digit of 45564?
4
What is the tens digit of 1585?
8
What is the hundreds digit of 639?
6
What is the units digit of 635?
5
What is the hundreds digit of 68734?
7
What is the units digit of 1595?
5
What is the units digit of 1436?
6
What is the thousands digit of 12548?
2
What is the ten thousands digit of 23196?
2
What is the hundreds digit of 17209?
2
What is the tens digit of 42407?
0
What is the tens digit of 26?
2
What is the units digit of 4069?
9
What is the tens digit of 111748?
4
What is the units digit of 9914?
4
What is the units digit of 94557?
7
What is the tens digit of 729?
2
What is the units digit of 10894?
4
What is the units digit of 5853?
3
What is the hundreds digit of 3771?
7
What is the hundreds digit of 1901?
9
What is the hundreds digit of 365?
3
What is the thousands digit of 6771?
6
What is the thousands digit of 72892?
2
What is the hundreds digit of 595?
5
What is the tens digit of 2702?
0
What is the units digit of 3740?
0
What is the thousands digit of 1056?
1
What is the hundreds digit of 572?
5
What is the units digit of 496?
6
What is the thousands digit of 1271?
1
What is the units digit of 100647?
7
What is the tens digit of 564?
6
What is the tens digit of 657?
5
What is the units digit of 24222?
2
What is the ten thousands digit of 20062?
2
What is the units digit of 1265?
5
What is the hundreds digit of 157372?
3
What is the ten thousands digit of 42097?
4
What is the thousands digit of 2813?
2
What is the hundreds digit of 91651?
6
What is the hundreds digit of 4880?
8
What is the thousands digit of 10228?
0
What is the thousands digit of 3280?
3
What is the tens digit of 490?
9
What is the ten thousands digit of 48529?
4
What is the thousands digit of 3928?
3
What is the hundreds digit of 5681?
6
What is the ten thousands digit of 14456?
1
What is the hundreds digit of 1235?
2
What is the tens digit of 1309?
0
What is the units digit of 694?
4
What is the units digit of 2029?
9
What is the units digit of 5934?
4
What is the tens digit of 19369?
6
What is the units digit of 2480?
0
What is the units digit of 61741?
1
What is the tens digit of 107196?
9
What is the thousands digit of 1572?
1
What is the hundreds digit of 4561?
5
What is the tens digit of 1802?
0
What is the thousands digit of 97687?
7
What is the tens digit of 2312?
1
What is the ten thousands digit of 64942?
6
What is the ten thousands digit of 11799?
1
What is the tens digit of 1424?
2
What is the hundreds digit of 2865?
8
What is the tens digit of 765?
6
What is the thousands digit of 31469?
1
What is the units digit of 30867?
7
What is the tens digit of 8034?
3
What is the tens digit of 1926?
2
What is the hundreds digit of 20249?
2
What is the hundreds digit of 840?
8
What is the units digit of 782?
2
What is the hundreds digit of 4735?
7
What is the thousands digit of 3831?
3
What is the hundreds digit of 2612?
6
What is the tens digit of 1266?
6
What is the tens digit of 1643?
4
What is the units digit of 1325?
5
What is the hundreds digit of 14056?
0
What is the hundreds digit of 521?
5
What is the tens digit of 615?
1
What is the hundreds digit of 4620?
6
What is the units digit of 35276?
6
What is the hundreds digit of 375?
3
What is the tens digit of 1167?
6
What is the thousands digit of 14991?
4
What is the thousands digit of 4571?
4
What is the thousands digit of 1146?
1
What is the hundreds digit of 10009?
0
What is the hundreds digit of 2495?
4
What is the tens digit of 557?
5
What is the units digit of 22?
2
What is the units digit of 1333?
3
What is the hundreds digit of 3875?
8
What is the units digit of 1841?
1
What is the units digit of 359?
9
What is the thousands digit of 3245?
3
What is the units digit of 49167?
7
What is the units digit of 14302?
2
What is the ten thousands digit of 36994?
3
What is the ten thousands digit of 18371?
1
What is the ten thousands digit of 11230?
1
What is the units digit of 36?
6
What is the tens digit of 1486?
8
What is the tens digit of 3112?
1
What is the hundreds digit of 13816?
8
What is the units digit of 3944?
4
What is the tens digit of 957?
5
What is the ten thousands digit of 11788?
1
What is the hundreds digit of 4579?
5
What is the thousands digit of 2186?
2
What is the units digit of 6758?
8
What is the thousands digit of 6196?
6
What is the tens digit of 55700?
0
What is the thousands digit of 67568?
7
What is the hundreds digit of 56118?
1
What is the tens digit of 2555?
5
What is the thousands digit of 1161?
1
What is the hundreds digit of 4885?
8
What is the thousands digit of 11356?
1
What is the thousands digit of 12770?
2
What is the hundreds digit of 34697?
6
What is the units digit of 626?
6
What is the units digit of 15465?
5
What is the hundreds digit of 65743?
7
What is the thousands digit of 4793?
4
What is the units digit of 6537?
7
What is the tens digit of 171548?
4
What is the hundreds digit of 8551?
5
What is the tens digit of 6986?
8
What is the thousands digit of 1854?
1
What is the tens digit of 570?
7
What is the tens digit of 27209?
0
What is the ten thousands digit of 11840?
1
What is the units digit of 115?
5
What is the hundreds digit of 10227?
2
What is the tens digit of 67933?
3
What is the thousands digit of 8256?
8
What is the hundreds digit of 5146?
1
What is the units digit of 92703?
3
What is the hundreds digit of 3091?
0
What is the tens digit of 1912?
1
What is the thousands digit of 11604?
1
What is the hundreds digit of 813?
8
What is the thousands digit of 18777?
8
What is the tens digit of 4139?
3
What is the hundreds digit of 1440?
4
What is the hundreds digit of 2068?
0
What is the thousands digit of 3101?
3
What is the hundreds digit of 1888?
8
What is the units digit of 39933?
3
What is the thousands digit of 1265?
1
What is the tens digit of 2931?
3
What is the thousands digit of 1422?
1
What is the tens digit of 49?
4
What is the thousands digit of 52171?
2
What is the hundreds digit of 1413?
4
What is the tens digit of 4929?
2
What is the thousands digit of 1046?
1
What is the tens digit of 5013?
1
What is the hundreds digit of 1027?
0
What is the tens digit of 28630?
3
What is the thousands digit of 22760?
2
What is the thousands digit of 1308?
1
What is the thousands digit of 5184?
5
What is the thousands digit of 2076?
2
What is the tens digit of 16241?
4
What is the units digit of 12893?
3
What is the thousands digit of 7183?
7
What is the tens digit of 4795?
9
What is the tens digit of 2947?
4
What is the hundreds digit of 4217?
2
What is the hundreds digit of 13368?
3
What is the hundreds digit of 768?
7
What is the tens digit of 3892?
9
What is the thousand